- 3 - 2*s + s. Calculate k(d).
12
Let c(z) = z**2 + 6*z + 3. Let b(m) = 3*m**2 + m - 1. Let h(r) = -b(r) + c(r). Determine h(6).
-38
Suppose 3*y + 37 + 32 = 0. Let v be 2*y*(-13)/26. Suppose -v = -o - 15. Let i(u) = u**2 - 9*u + 8. Calculate i(o).
0
Let l(u) be the first derivative of u**4/4 - 2*u**3 + 5*u**2/2 - 3*u + 247. Calculate l(4).
-15
Let y(b) = -15*b**2 - 2*b - 1. Let a = -316 - -315. Determine y(a).
-14
Let y(i) = -24*i**3 + 3*i**2 + 11*i + 5. Let c(r) = -13*r**3 + 2*r**2 + 6*r + 3. Let k(d) = 11*c(d) - 6*y(d). Determine k(-3).
12
Suppose 704 = -66*y - 22. Let a(z) = 1 + z + 5 + 5. Give a(y).
0
Let g = 158 + -159. Let d(f) = 10*f + 9. Let c(y) = -5*y - 5. Let a(n) = n + 1. Let i(l) = -25*a(l) - 4*c(l). Let k(x) = -6*d(x) - 11*i(x). Give k(g).
6
Let o = 1358 - 1363. Let m(w) = 4*w - 7. Calculate m(o).
-27
Let l(s) be the first derivative of -3*s**2 + 0*s + 1 + 1/24*s**4 - 2/3*s**3. Let q(n) be the second derivative of l(n). Determine q(3).
-1
Let l be 0 + 3/1 + 0. Let c(b) = 0*b - b**3 + 0*b + 0*b**l + 2 + b. Determine c(2).
-4
Suppose v = 2*d - 6, -21 = -d + 3*v - 7*v. Let m(w) = w**2 - 3*w - 3. Calculate m(d).
7
Let h(u) = 2*u + 3. Suppose 4*r + 13 = 9. Let z(j) = -15*j. Let n be z(r). Suppose 6*t = 45 - n. Calculate h(t).
13
Let o(g) = -7*g**2 + 2*g - 6. Let n(w) = -10*w**2 + 3*w - 7. Let x(h) = -2*n(h) + 3*o(h). What is x(0)?
-4
Suppose 0 = 2*i + 4, -i - 2*i - 4 = o. Suppose 5*n - 23 = 2*m, 0 = -o*n + 3*m + 2*m + 5. Let l(y) = y**2 - 5*y + 7. Calculate l(n).
7
Let g(l) = l**2 - l - 5. Suppose -15*q - 2*i - 33 = -10*q, -i + 21 = -5*q. Determine g(q).
25
Let d(v) = v**3 - 4*v**2 - 3*v - 1. Let a = -36 - 47. Let z = a + 86. What is d(z)?
-19
Let p(j) = 3*j - 50. Let n(x) = x - 17. Let q(h) = -8*n(h) + 3*p(h). Let f = -4 + 11. Determine q(f).
-7
Let x(j) = j**2 + 3*j + 7. Suppose -12*q = 5*c - 13*q + 21, 4*c + 3*q + 13 = 0. Give x(c).
11
Let s = 181 + -359/2. Let j(h) be the second derivative of s*h**2 + 0 - 4*h - 1/2*h**3. What is j(2)?
-3
Let c(p) = 45598*p**2 + 3*p + 4*p**3 - 3*p**3 - 45594*p**2. Let a(r) = -r**2 - 3*r + 1. Let v be a(-4). What is c(v)?
0
Suppose 0 = -t + 15 - 13. Let p(v) = v**2 - 3*v**2 - 3*v**t + 0*v**2 - 2*v + 2. Calculate p(-2).
-14
Let i(y) = -y**2 + 5*y + 7. Suppose -t + 4*m + 31 = m, -4*t + 4*m = -108. Let l = -19 + t. Give i(l).
1
Let l(a) be the second derivative of -a**4/3 - a**3/3 + 3*a**2/2 - a. Let d(h) = -3*h**2 - 3*h + 3. Let m(c) = -5*d(c) + 4*l(c). Give m(5).
7
Let x(y) = 5*y**3 + 14*y**2 - 10*y. Let v(z) = 9*z**3 + 27*z**2 - 19*z + 1. Let q(b) = -6*v(b) + 11*x(b). What is q(8)?
26
Let s be 2*38/(-4) + -1. Suppose -90 = -5*v - 4*v. Let f be (-26)/4 + v/s. Let w(q) = -q - 3. Give w(f).
4
Let p(s) = -9 - 2 + s**2 - 9 + 9*s + 26. What is p(-7)?
-8
Suppose 15*g - 28 = g. Let u(d) = 7*d**2 - 2*d - 2. Give u(g).
22
Let j(l) be the second derivative of l**3/6 - 3*l**2 - l - 3. What is j(6)?
0
Let l(r) = 5*r - 4. Let s(d) be the second derivative of 2*d**3/3 - 3*d**2/2 - 12*d. Let j(g) = 4*l(g) - 6*s(g). Give j(-4).
18
Let n(j) = j**2 + 9*j + 3. Suppose k + 3*f = 1, -k - f - 13 = -5*f. Calculate n(k).
-17
Let i(p) = p**3 + 3*p**2 - 2*p - 1. Suppose -34 = 8*a - 10. What is i(a)?
5
Let g(w) = 8*w + 7. Let j(u) = u + 1. Let d(q) = 4*g(q) - 28*j(q). Let p(x) = x**2. Let k be p(0). Suppose 3*i + k = 3, 3*c - i = -4. Calculate d(c).
-4
Let q(c) = -2*c - 2*c - 3 + 3*c. Let l(y) = -9*y + 16. Let k be l(2). Calculate q(k).
-1
Let f(t) be the first derivative of t**4/4 - 8*t**3/3 - 4*t**2 - 8*t - 183. Suppose 3*v = -5*b + 45, 4*b + 3*v + 8 = 44. What is f(b)?
1
Let u(n) be the second derivative of -3*n**5/20 - n**4/6 - n**3/6 - n. Let r = -110 - -115. Suppose -r*y - 27 = -22. What is u(y)?
2
Suppose 5*w - w = 24. Suppose -b = b - w. Let i(h) = 0*h + 0 - 3 + h**b - 2*h - 2*h**3 - 2*h**2. What is i(-3)?
12
Let s(f) = 0*f**2 - 5*f**3 - 10*f**2 + 10*f**3 - 4*f**3 + 7 + 5*f. What is s(9)?
-29
Suppose i + 3*m - 15 = 0, -6*m = 2*i - 2*m - 20. Let c(x) = i*x**2 + x**2 - 5*x - 4*x - 1 + 4*x. Determine c(5).
-1
Let w(v) = -3*v + 2. Let f(o) = o**3 + 4*o**2 - 3*o + 12. Let g be 4/((-24)/(-15))*-2. Let c be f(g). Give w(c).
-4
Let k(f) = -f**2 + 11*f - 22. Let p be k(8). Let s(n) = 2*n. Calculate s(p).
4
Let s(t) = -3*t**2 - 8*t + 10. Let v(y) = 7*y**2 + 16*y - 19. Let f(u) = 5*s(u) + 2*v(u). Let o(i) be the first derivative of f(i). Calculate o(6).
-20
Suppose 5*k + 18 = -2*l + 3*l, 0 = -2*l - 2*k. Suppose -17 = 4*u + l. Let j(p) = 4*p - 2. Let f(q) = q. Let g(w) = -5*f(w) + j(w). Calculate g(u).
3
Let b(t) = -t**3 - 8*t**2 - 10*t - 8. Let l be b(-6). Let m(z) = 4*z + 9. Let f be m(-8). Let i = f - l. Let x(v) = -2*v**2 - 3*v + 1. Calculate x(i).
-8
Let s = -157 + 163. Let j(g) = -g - 1. Let o(t) = -4*t. Let i(z) = -3*j(z) + o(z). What is i(s)?
-3
Suppose -f - 5*l = 2, -l + 4*l - 6 = -3*f. Let p(b) = -5*b**2 - 8*b**2 - 1 - 5*b**f + 12*b**2 + 2*b. Determine p(1).
-5
Let l be ((-6)/(-10))/(3/15). Let s(w) = 5*w**2 - 1. Let u(i) = -6*i**2 - i + 1. Let n = 3 + -1. Let a(t) = l*s(t) + n*u(t). Calculate a(-1).
4
Let d(o) = -2*o**2 + 4*o - 2. Let f(v) = 7*v**2 - 5*v + 7. Let j(l) = 3*d(l) + f(l). Suppose 4*w + 12 = 2*w. Give j(w).
-5
Let m(r) = -r**3 + 4*r - 3. Let l(g) = -4*g - 23. Let y be l(-9). Let a(p) = p**3 - 15*p**2 + 25*p + 15. Let b be a(y). Determine m(b).
-3
Let y(m) be the second derivative of m**4/6 + m**3/3 - 9*m**2/2 - 2*m + 18. Give y(3).
15
Let n(s) be the second derivative of s**6/120 - s**5/12 - 5*s**4/24 - 2*s**3/3 + 28*s**2 + 25*s. Let i(x) be the first derivative of n(x). What is i(6)?
2
Let k(z) = z**3 + 7*z**2 + z + 3. Let s = -1894 - -1887. What is k(s)?
-4
Let s = -426 - -427. Let g(t) = -74*t**2 - 2*t + 1. Determine g(s).
-75
Let z(y) be the first derivative of -17 + 3/2*y**2 + 1/3*y**3 + y. Determine z(-5).
11
Suppose 108*r = 112*r - 4. Let w(s) = 21*s**3 + 1. Give w(r).
22
Let c(n) = -1. Let r(o) = -2*o + 2. Let d(t) = -c(t) - r(t). Give d(11).
21
Let j(w) be the third derivative of w**9/60480 + w**8/20160 - w**7/5040 + w**6/120 - w**5/10 - 6*w**2. Let n(c) be the third derivative of j(c). Calculate n(0).
6
Let c = 41 + -37. Let h(x) be the third derivative of -x**7/2520 + x**6/180 + x**5/60 + x**4/3 - x**2. Let u(q) be the second derivative of h(q). What is u(c)?
2
Let r(z) = 5*z + 26. Let c(k) = -14*k - 74. Let w(b) = 4*c(b) + 11*r(b). Suppose -20 = 2*a - 112. Suppose 5*h + a = 11. What is w(h)?
-3
Let g(l) be the third derivative of l**5/60 - 7*l**4/24 + 2*l**3/3 - l**2. Let t = -2635 + 2639. Calculate g(t).
-8
Suppose h - 2*u = -h - 18, 3*h - u + 37 = 0. Let c be 76/28 - 4 - 4/h. Let q(g) = 4 + 7*g - 4 + 1. Give q(c).
-6
Let a(s) = -2*s**3 + 3*s**2 + 2*s. Let b be a(-1). Let c(n) = 29*n**3 - b*n + 2*n**2 + 3 + 0*n + 29*n**3 - 57*n**3. Calculate c(-3).
3
Let r(p) = -p - 1. Let l(w) be the third derivative of 0 + 1/3*w**3 - 6*w**2 + 0*w + 5/24*w**4. Let s(u) = l(u) + 4*r(u). Give s(-4).
-6
Let a = 18 - 13. Suppose -a*r = 3 - 23. Let v be r/(-10) + (-9)/15. Let j(z) = z**3 - 2*z**2 - z. Determine j(v).
-2
Let u = -11 - -4. Let c be u/((-21)/12) - 1. Let o(b) = b**2 + b**2 - 2*b - c*b**2 - 2 + 8*b. Calculate o(4).
6
Let v(g) = 12*g - 1. Let s(m) = m**3 - 6*m**2 - 8*m + 11. Let y be s(7). Suppose y*p = -16 + 20. Give v(p).
11
Let l(g) = -g**3 - 6*g**2 + 7*g + 5. Let q = -11 + 18. Let n(f) = f**3 - 7*f**2 + f - 2. Let d be n(q). Suppose 0 = 3*m - d*m - 14. Determine l(m).
5
Let k(c) be the second derivative of -1/2*c**2 + 7/6*c**3 + 2 - 9*c. Determine k(3).
20
Let y(d) = -9*d + 190. Let v be y(21). Let o(t) = 16*t**3 - t**2. Determine o(v).
15
Let p(w) = -w - 3. Suppose -2*m = 3*l + 72, 0 = m - 2 + 5. Let a = l + 18. Give p(a).
1
Let y = 38 + -30. Let g be y + (2 + 18)/(-5). Let q(l) be the first derivative of -l**2 + 5*l + 1. Calculate q(g).
-3
Suppose -4*r = 3*b - 0*b + 35, -3*r - 42 = 4*b. Let w(x) = -x**3 - 10*x**2 - 4*x - 10. Give w(b).
-55
Let w(q) = q**2 - 4*q - 3. Let m(h) = 144*h**3 - 2*h**2 + 2. Let d be m(-1). Let i be 1/2 - d/32. Determine w(i).
2
Suppose 29*v = 36*v + 56. Let h(w) = w**2 + 9*w + 7. Determine h(v).
-1
Let m = 14 + -8. Let s be 0 + (m - 8/4). Let a(u) = 2 + s*u - 5*u + 0*u. Give a(0).
2
Let i(x) = -x**2 + 7*x + 8. Suppose -4*p - 4*f = -5*p + 13, f = -p + 8. Calculate i(p)